ivisor of 8033 and 464.
29
What is the highest common divisor of 2376 and 39798?
594
What is the highest common divisor of 1600 and 1725?
25
Calculate the greatest common factor of 326405 and 9215.
485
What is the greatest common divisor of 1617 and 322959?
147
What is the greatest common divisor of 32 and 110?
2
Calculate the highest common factor of 14 and 283332.
14
Calculate the highest common divisor of 3726 and 1794.
138
What is the highest common factor of 26 and 10878166?
26
What is the greatest common factor of 216 and 2802384?
216
What is the greatest common factor of 4616 and 1608?
8
What is the highest common divisor of 3270 and 10510?
10
What is the greatest common factor of 45253 and 13?
13
What is the greatest common divisor of 19 and 292087?
19
What is the highest common divisor of 1352 and 24?
8
Calculate the highest common factor of 7136 and 1760.
32
Calculate the highest common factor of 3510 and 12441.
39
Calculate the greatest common factor of 1043 and 40826.
149
What is the highest common factor of 5192 and 2728?
88
Calculate the greatest common divisor of 856 and 40.
8
What is the greatest common factor of 100 and 6501300?
100
What is the highest common factor of 37786 and 70?
14
What is the greatest common divisor of 14570 and 1550?
310
What is the greatest common factor of 9772 and 15568?
28
What is the greatest common divisor of 2420527 and 911?
911
What is the highest common divisor of 772434 and 936?
234
What is the greatest common factor of 53 and 18393?
1
What is the greatest common factor of 11 and 158?
1
Calculate the highest common factor of 9136 and 80.
16
What is the highest common divisor of 45 and 114395?
5
Calculate the highest common divisor of 228 and 77729.
19
What is the highest common factor of 23923 and 20360?
509
What is the greatest common divisor of 166844 and 212?
212
What is the greatest common factor of 1825186 and 44?
22
Calculate the highest common factor of 202 and 81002.
202
What is the greatest common divisor of 848 and 4187?
53
What is the greatest common divisor of 1024 and 3648?
64
Calculate the highest common divisor of 19532 and 76.
76
Calculate the greatest common factor of 795 and 64236.
159
What is the highest common factor of 315062 and 22?
22
What is the greatest common divisor of 4067 and 45982?
83
Calculate the greatest common divisor of 50238 and 54.
18
What is the greatest common factor of 46 and 7843?
23
Calculate the greatest common divisor of 2073 and 345.
3
Calculate the highest common factor of 442 and 2522.
26
What is the greatest common factor of 1476620 and 280?
20
Calculate the highest common divisor of 588 and 1596.
84
What is the highest common factor of 19375 and 465?
155
What is the highest common divisor of 152129 and 149?
149
Calculate the highest common factor of 3699 and 81.
27
What is the highest common factor of 7650396 and 2808?
1404
What is the highest common factor of 151 and 126538?
151
What is the highest common divisor of 23489 and 1132?
283
Calculate the highest common factor of 249 and 454757.
83
What is the highest common divisor of 66 and 153978?
66
Calculate the greatest common factor of 1574706 and 28.
14
What is the greatest common divisor of 837 and 6399?
27
Calculate the greatest common factor of 44 and 386342.
22
What is the greatest common divisor of 4764966 and 6?
6
Calculate the greatest common factor of 15252 and 10824.
492
Calculate the greatest common divisor of 3294 and 3618.
54
What is the highest common factor of 192 and 139104?
96
What is the greatest common factor of 4828 and 2108?
68
Calculate the greatest common divisor of 2889487 and 497.
71
Calculate the greatest common divisor of 875 and 21215.
5
What is the greatest common divisor of 7738 and 7526?
106
Calculate the greatest common factor of 1111 and 24644.
101
What is the greatest common factor of 68 and 3285437?
17
What is the highest common divisor of 1233 and 107682?
411
What is the greatest common factor of 4010 and 1250?
10
Calculate the greatest common factor of 5262 and 6.
6
Calculate the highest common divisor of 1963 and 481.
13
What is the greatest common divisor of 1612 and 5937802?
806
Calculate the greatest common factor of 559752 and 22908.
996
Calculate the greatest common factor of 1690704 and 24.
24
Calculate the highest common divisor of 26843 and 187.
17
What is the highest common divisor of 333 and 42?
3
What is the highest common factor of 369 and 39483?
369
What is the greatest common factor of 39889 and 14803?
113
Calculate the greatest common divisor of 997150 and 150.
50
What is the greatest common divisor of 3115 and 116501?
623
Calculate the highest common factor of 5750 and 500.
250
What is the greatest common divisor of 17697 and 510?
51
Calculate the greatest common factor of 11468 and 188.
188
Calculate the greatest common factor of 74 and 88763.
37
Calculate the highest common factor of 672 and 33632.
32
What is the highest common divisor of 14112 and 41139?
63
Calculate the highest common factor of 9743 and 1.
1
Calculate the highest common factor of 123 and 8888349.
123
What is the greatest common factor of 3225 and 2451?
129
What is the greatest common divisor of 910 and 572572?
182
What is the greatest common factor of 52 and 17692?
4
What is the highest common factor of 25 and 165365?
5
Calculate the greatest common factor of 1795 and 515.
5
What is the highest common factor of 425692 and 248?
124
What is the greatest common factor of 44 and 23782?
22
What is the greatest common divisor of 2748 and 291975?
687
What is the highest common factor of 31062 and 13392?
186
What is the greatest common divisor of 511 and 3500?
7
Calculate the greatest common factor of 409640 and 13167.
1463
What is the highest common divisor of 87 and 369141?
87
What is the greatest common divisor of 4186 and 5096?
182
Calculate the greatest common factor of 181035 and 345.
15
What is the highest common divisor of 691200 and 2325?
75
Calculate the greatest common divisor of 301994 and 22.
22
Calculate the highest common factor of 256445 and 175.
35
Calculate the highest common divisor of 338 and 29692.
26
What is the greatest common divisor of 9163 and 7667?
187
Calculate the highest common divisor of 4658 and 7398.
274
Calculate the highest common divisor of 13041 and 7047.
81
What is the greatest common divisor of 408 and 15135576?
408
What is the greatest common factor of 164 and 159900?
164
Calculate the greatest common divisor of 28050 and 190.
10
What is the highest common factor of 14852484 and 324?
324
Calculate the greatest common divisor of 188 and 67257.
47
Calculate the greatest common factor of 107 and 195061.
107
What is the greatest common factor of 6390 and 160602?
426
What is the highest common divisor of 29044 and 212076?
548
What is the highest common factor of 53 and 2170933?
53
What is the highest common factor of 5418610 and 79?
79
What is the highest common divisor of 54871 and 259?
37
What is the highest common factor of 23 and 4646?
23
Calculate the highest common divisor of 2238390 and 21.
21
Calculate the greatest common divisor of 588 and 53067.
147
What is the highest common divisor of 270402 and 17?
17
What is the greatest common divisor of 648399 and 3?
3
Calculate the highest common divisor of 774 and 20511.
387
What is the highest common divisor of 257096 and 224?
56
Calculate the greatest common divisor of 8726472 and 513.
171
What is the greatest common divisor of 92906 and 550?
22
Calculate the greatest common factor of 24742 and 278.
278
What is the greatest common divisor of 480365 and 5533?
503
What is the greatest common divisor of 1113136 and 928?
464
What is the greatest common divisor of 349835 and 74?
37
Calculate the greatest common divisor of 6281 and 77.
11
What is the greatest common divisor of 117156 and 156?
156
Calculate the greatest common factor of 13824 and 8964.
108
What is the greatest common divisor of 957 and 6369?
33
Calculate the greatest common divisor of 7785 and 1851100.
865
What is the highest common divisor of 12877 and 326?
163
Calculate the greatest common factor of 95 and 7173545.
95
Calculate the greatest common divisor of 17330105 and 169.
169
Calculate the highest common factor of 203205